d(o) = 7*o - 103. Give d(n).
9
Let m be 5*(-2)/(-10)*0. Suppose m = -18*g + 17*g + 2. Let a(n) = -g*n**2 - 7*n + 8*n**2 - 4*n**2 + 1 - 11*n**2 - n**3. What is a(-8)?
-7
Let q(p) be the first derivative of p**5/5 + p**4/6 - p**2/2 + 29*p + 178. Let t(l) be the first derivative of q(l). Let n = 6 - 5. What is t(n)?
5
Let k(r) = 2*r + 6. Let n = -13 - -12. Let t be (-9)/(-6)*((-7)/(-3) + n). Suppose -5*a - 5*l = 5, -a - t*l - 26 = -6*l. Give k(a).
-6
Let l = -108 - -146. Suppose 16*i = -l - 10. Let v(j) = j**2 + 5*j + 6. Calculate v(i).
0
Let r = -3742 - -3759. Let a(c) be the first derivative of -1/4*c**4 + 7/3*c**3 - 2*c - 4*c**2 + r. Give a(6).
-14
Suppose -1312 - 3040 = -544*m. Let b(v) = v**3 - 10*v**2 - v + 22. Calculate b(m).
-114
Let p(w) = -5*w**2 - 3*w - 2 - 3*w**2 - 5*w**2 + 2*w**2. Let z be p(-1). Let h(n) = 4*n + 38. Let f be h(z). Let y(x) = -2*x - 1. Determine y(f).
3
Let f = 74 + -71. Let x(z) = 9454 + 15*z**2 + f*z - 9453 - 2*z. Give x(-1).
15
Let s(p) = 35*p + 28. Suppose 2*q - 3*x - 4 = 0, 4*q + 365*x = 367*x. What is s(q)?
-7
Let u(r) = r - 1. Let k(x) = 2*x**3 - 4*x**2 + 48*x + 67. Let t(g) = -g**3 + 3*g**2 - 23*g - 33. Let a(i) = 4*k(i) + 9*t(i). Let c be a(9). Calculate u(c).
-3
Suppose -51*r + 50*r + 1 = 0. Let h(m) = -r - 10 - 4*m + 2. Determine h(-4).
7
Let b be 11 + (6/20 - (-63)/(-10)). Let a(t) = -t**3 + 6*t**2 - 6*t - 1. Determine a(b).
-6
Let p be (5 + 22/(-4))*20/(-2). Let m(q) = 7*q**2 - 17*q + 44. Let r(v) = -3*v**2 + 9*v - 22. Let i(f) = p*r(f) + 2*m(f). Determine i(9).
-4
Let k(z) = 4*z**2 + 4*z - 15. Let l(t) = t**3 + 7*t**2 - 4*t + 29. Let g be l(-8). Give k(g).
9
Let g(o) = o + 34. Let a(t) = -11. Let i(f) = -2*a(f) - g(f). What is i(-5)?
-7
Let j(w) = w**2 + 5*w - 11. Let h(u) = u**2 + 6*u - 11. Let x(o) = -10*o + 143. Let k be x(15). Let d(l) = k*j(l) + 6*h(l). What is d(0)?
11
Let b(j) = 2*j**2 + 10*j + 7. Let i be -1 + ((-8)/5)/((-24)/(-180)). Let x(t) = t**2 + 14*t + 12. Let y be x(i). Let k = -5 + y. What is b(k)?
19
Let x(h) = -h - 1. Suppose 5*r + 10 = a - 1, 3*r = -2*a - 4. Let n(g) = 4*g - 6. Let b(u) = a*n(u) - 6*x(u). What is b(2)?
20
Let o be 1 + ((-12)/4 - -5). Let w(l) = -l**3 + l**2 + 4*l. Let v be w(o). Let u(y) = y**2 + 30*y + 4 + 9*y - 35*y. Give u(v).
16
Let q = 264 + -266. Let p(d) = -4*d**2 + 2*d + 3. Let c(z) = -9*z**2 + 4*z + 8. Let s(t) = q*c(t) + 5*p(t). Determine s(-2).
-13
Let a(d) = d**3 + 42*d**2 + 50*d + 365. Let m be a(-41). Let p(x) = x**2 + 6*x - 12. Give p(m).
-20
Suppose 15*l - 65*l + 200 = 0. Let m(h) be the second derivative of -h**3/2 + 2*h**2 + 190*h. Give m(l).
-8
Let q(y) be the second derivative of 17*y**4/12 + 2*y**3/3 + 3*y**2/2 - 5124*y. Calculate q(-1).
16
Let q(v) = -v**3 - 22*v**2 + 2*v - 21. Let n(o) = 4*o**3 + 88*o**2 - 9*o + 88. Let a(s) = -2*n(s) - 9*q(s). What is a(-22)?
13
Suppose -30*n = 32*n - 87 + 25. Let u(m) = 13*m**3 - m**2 - 3*m + 3. Give u(n).
12
Let o(l) be the second derivative of -l**5/20 - l**3/6 + 3*l**2/2 + 42*l. Let x(u) = 458*u + 1374. Let z be x(-3). Determine o(z).
3
Let r(q) = q**3 + 2*q**2 - 2*q - 3. Let u be r(-2). Let a(l) be the third derivative of -l**4/4 + 3*l**2 - 7. Give a(u).
-6
Let n(u) be the first derivative of -7*u - 182 - 1/3*u**3 - 5/2*u**2. What is n(-7)?
-21
Let r(f) be the second derivative of -f**4/12 + 11*f**3/6 - 7*f**2 - 188*f - 1. Determine r(5).
16
Let p(n) = 13*n - 6*n - 4*n - 2*n. Let u(q) = -q**2 - 53*q - 424. Let g be u(-10). Determine p(g).
6
Let w(l) = 53*l**2 + 4*l + 5. Let g = 26844 - 26845. Give w(g).
54
Let x = -24 + 21. Let a be (((-36)/21)/3)/((-4)/14). Let m(q) = -6*q**2 + q**3 - 5*q + 3*q + 4*q**a + 5*q**2. What is m(x)?
6
Let v(s) = 2*s + 77. Suppose -w + 20*u - 17*u = 33, 0 = 6*w + 2*u + 238. What is v(w)?
-1
Let h(n) = -17*n + 54. Let g be h(-18). Let c(l) = -6 + 181*l + 181*l - g*l. Determine c(0).
-6
Suppose 27*y - 3*y - 1227 + 459 = 0. Let x(s) = -s**2 + 32*s + 3. Determine x(y).
3
Let x(n) = 7*n + 10. Suppose -4*j + q = 27 + 7, -3*j = -5*q. Give x(j).
-60
Let h(b) = -b**3 + 15*b**2 + 2*b - 22. Let j(z) = 21*z - 166. Let a be j(8). Suppose a*m - 49 + 19 = 0. Calculate h(m).
8
Let s(r) = -r**2 + 4*r - 4. Let y = -42 + 45. Suppose -y*u - 8 = 4. Let i be 533/169 + u/26. What is s(i)?
-1
Let u(g) = 7*g**2 - 9*g. Let p(o) = -3*o**2 + 4*o. Let r(i) = 18*p(i) + 8*u(i). Determine r(4).
32
Suppose -98 = -59*g + 197. Let i(f) = -2*f**2 + 13*f + 4. Calculate i(g).
19
Let c(m) be the first derivative of -m**3/3 - 5*m**2 + 4*m - 728. Calculate c(-11).
-7
Let w(s) = -17*s - 116. Suppose 4*f + 205 = -2*j + 211, -8*f = -40. Determine w(j).
3
Let i(n) be the second derivative of -n**3/6 - n**2 - 237*n. Suppose 3*t = 5 + 1. Suppose -6 = t*j, -j + 5*j = 5*a - 47. What is i(a)?
-9
Let j = -9944 - -9936. Let v(l) be the first derivative of 3*l**2/2 + 18*l - 4. Calculate v(j).
-6
Let j(r) = r - 50. Let z(o) = -387*o - 2277. Let t be z(-6). Calculate j(t).
-5
Let b be (-30)/(2/13 + (-32)/39). Suppose 0*d = 5*d - b. Let a(x) = 6*x - 3 - 49*x**2 + d + 46*x**2 - x**3. What is a(-4)?
-2
Let s be 13230/45 - (1 - -5). Let w(c) = -c**3 + 5*c - 4*c - 283*c**2 + s*c**2 + 6*c. Suppose -3*m = 5*x - 45, -m - 4*m + 1 = -4*x. Determine w(x).
6
Let i(j) be the first derivative of -1/2*j**2 - 36 + 8*j. What is i(11)?
-3
Let o(m) be the third derivative of -m**6/120 + m**5/12 - m**4/12 - 2*m**3/3 - 27*m**2. Give o(4).
4
Let n = 24 - -2. Let q = n + 10. Suppose 6*x + q = 2*x. Let j(k) = k + 9. Give j(x).
0
Suppose 3 = -2*x + x. Let w(s) be the third derivative of -1/3*s**3 + 4*s**2 + 0*s**5 + 0*s + 0 - 1/8*s**4 + 1/120*s**6. Give w(x).
-20
Let x be (-70)/21*1/(-2)*3. Let p = 95 + -85. Let r(y) = -p + 11 + y - 1. Give r(x).
5
Let x = -36870 - -36899. Let r(z) = 23*z - 662. Give r(x).
5
Let u(v) = -2*v - 5. Let j(s) = -s - 5. Let o(h) = -2*j(h) + 3*u(h). Let z be o(3). Let t = z - -21. Let m(d) = -4*d. Give m(t).
-16
Let q(k) = k**3 - 40*k**2 - k + 37. Let v(s) = s**3 - 32*s**2 - 25*s - 224. Let y be v(33). What is q(y)?
-3
Let c(z) = -10 + 31*z - 18*z**2 - 48*z + 17*z**2. Give c(-18).
-28
Let a(v) = v**3 - 7*v**2 + 3*v + 10. Let c be a(5). Let n = -16 - c. Let x = 12 - n. Let g(m) = 2*m**2 - 5*m + 2. Give g(x).
5
Let v(b) = b**3 + 5*b**2 + 2*b - 3. Let y(k) = k**2 + 2*k + 8. Let m be y(6). Suppose 5*d - 11 = -m. Let z = d - -4. Calculate v(z).
-13
Let i(o) be the second derivative of 1/2*o**2 + o**3 - 108*o + 0 - 1/12*o**4. What is i(9)?
-26
Let z(o) = -11*o + 36. Let j be z(11). Let s = j + 86. Let m(c) = -4*c**2 + 2*c - 1. Give m(s).
-3
Let h(p) be the third derivative of -5*p**4/24 - 2*p**3/3 - 109*p**2. Let d(g) = 1. Let l(i) = -d(i) - h(i). What is l(-2)?
-7
Let p(x) = x**2 - 22*x + 23. Suppose 0 = -36*m + 14*m + 462. Let u be p(m). Let t(z) = z - 4. Give t(u).
-2
Let y(j) = 4*j**3 - 5*j**2 + 7*j - 4. Let u = 9525 + -9522. Give y(u).
80
Let k(q) = q**3 + 8*q**2 + 6*q - 14. Let o(i) = i**3 + 15*i**2 + 11*i - 26. Let g(r) = -11*k(r) + 6*o(r). Suppose -3*f - 4*l = 7 - 1, -2*l = -f - 2. Give g(f).
46
Let r(x) = x - 3. Let i = 107 + -108. Let a be 0 + (-3)/(-9) + i/3. Determine r(a).
-3
Let m(h) be the first derivative of 9*h**2/2 + 312*h + 3298. Calculate m(-35).
-3
Let o(z) = -2 - 6*z**2 + 7*z**2 - 2. Let w(d) = 6*d**3 + 5*d**2 - 15*d - 19. Let c be w(-1). Calculate o(c).
21
Let n = 9 + 1. Let s = -47 + 53. Let f(k) = s - k - 2 + 9. Give f(n).
3
Let q = 2344 + -2342. Let n(r) = 36*r + 2. What is n(q)?
74
Let f be -1*5 + (-12 - -19) + -3. Let z be 5/(-1) - (f + 5). Let y(l) = -l**2 - 12*l + 8. Give y(z).
35
Let w = 39 + -44. Let r = w + 17. Suppose 0 = l - 7*l + r. Let q(z) = 6*z - 1. What is q(l)?
11
Let x(g) = -4*g - 41. Suppose 25 = -2*y - 3*q - 2*q, -4*q = -2*y - 16. Determine x(y).
-1
Let p(n) = -n**2 + 1. Let q(l) = l**3 - 13*l**2 - 8*l - 4. Let v(z) = -10*p(z) + 2*q(z). Determine v(9).
0
Suppose -5*k - 1 = 2*c - 27, 2*c = 4*k - 10. Let x(h) = 1 - c + 5 - 4 - 11*h. Calculate x(-1).
10
Let b be 22592/(-1408) + (-3)/(-66). Let y(s) = 41*s + 655. Determine y(b).
-1
Let p(s) = -s**2 - 14*s - 1. Let k be -3 - (340/51 + (-4)/(-12)). Give p(k).
39
Let t(q) = -q**2 - 2*q + 85. Let r be t(0). Let s = r + -83. Let o(a) = -2*a**3 + 3*a**2 - 2*a. Calculate o(s).
-8
Suppose -12 + 64 = 5*d + 4*l, 0 = -4*d - 2*l + 38. Let v(r) = 102*r -